{"id":44,"date":"2019-04-19T16:32:45","date_gmt":"2019-04-19T14:32:45","guid":{"rendered":"https:\/\/sprintiesworldtour.com\/?page_id=44"},"modified":"2022-09-19T17:32:13","modified_gmt":"2022-09-19T15:32:13","slug":"ueber-uns","status":"publish","type":"page","link":"https:\/\/sprintiesworldtour.com\/index.php\/ueber-uns\/","title":{"rendered":"\u00dcber Uns"},"content":{"rendered":"\n<p>Wir sind Barbara und Bernd, zwei Reisemobilbegeisterte, die seit Jahren mit eigenen Campern Europa von Kreta bis zum Nordkap und von Usedom bis zur Il de Re abgegrast haben.<\/p>\n\n\n\n<p>Mit Miet-Motorhomes haben wir au\u00dferdem mehrfach den Westen der USA von Kalifornien bis Texas erkundet.<\/p>\n\n\n\n<figure class=\"wp-block-image\"><img loading=\"lazy\" decoding=\"async\" width=\"922\" height=\"1024\" src=\"\/wp-content\/uploads\/2019\/04\/Barbara1-1-922x1024.jpg\" alt=\"\" class=\"wp-image-104\" srcset=\"https:\/\/sprintiesworldtour.com\/wp-content\/uploads\/2019\/04\/Barbara1-1-922x1024.jpg 922w, https:\/\/sprintiesworldtour.com\/wp-content\/uploads\/2019\/04\/Barbara1-1-270x300.jpg 270w, https:\/\/sprintiesworldtour.com\/wp-content\/uploads\/2019\/04\/Barbara1-1-768x853.jpg 768w, https:\/\/sprintiesworldtour.com\/wp-content\/uploads\/2019\/04\/Barbara1-1.jpg 1600w\" sizes=\"auto, (max-width: 922px) 100vw, 922px\" \/><figcaption>Barbara und Cody<\/figcaption><\/figure>\n\n\n\n<figure class=\"wp-block-image\"><img loading=\"lazy\" decoding=\"async\" width=\"768\" height=\"1024\" src=\"\/wp-content\/uploads\/2019\/04\/Bernd1-768x1024.jpg\" alt=\"\" class=\"wp-image-105\" srcset=\"https:\/\/sprintiesworldtour.com\/wp-content\/uploads\/2019\/04\/Bernd1-768x1024.jpg 768w, https:\/\/sprintiesworldtour.com\/wp-content\/uploads\/2019\/04\/Bernd1-225x300.jpg 225w\" sizes=\"auto, (max-width: 768px) 100vw, 768px\" \/><figcaption>Bernd und Cody<br><\/figcaption><\/figure>\n\n\n\n<p>Unser treuer Begleiter auf allen Touren war viele Jahre lang Cody, ein Australian Shepherd, der leider  mit 13 Jahren unser Dreier-Team verlassen hat.<\/p>\n\n\n\n<p>Nachdem wir seit einigen Jahren eine Langzeit-Overlandtour mit dem eigenen Wohnmobil durch Nordamerika geplant hatten, war es 2019 endlich soweit. Es war auch die Geburtsstunde dieses Blog&#8217;s, in dem wir \u00fcber diese Traumtour und alle weiteren Reisen berichten.<\/p>\n\n\n\n<p>Noch kurz eine Fotoserie \u00fcber unsere bisherigen Camper:<\/p>\n\n\n\n<figure class=\"wp-block-gallery columns-3 is-cropped wp-block-gallery-1 is-layout-flex wp-block-gallery-is-layout-flex\"><ul class=\"blocks-gallery-grid\"><li class=\"blocks-gallery-item\"><figure><img loading=\"lazy\" decoding=\"async\" width=\"1024\" height=\"659\" src=\"\/wp-content\/uploads\/2019\/04\/Bulli-T-2-1024x659.jpg\" alt=\"\" data-id=\"110\" data-link=\"https:\/\/sprintiesworldtour.com\/ueber-uns\/bulli-t-2\/\" class=\"wp-image-110\" srcset=\"https:\/\/sprintiesworldtour.com\/wp-content\/uploads\/2019\/04\/Bulli-T-2-1024x659.jpg 1024w, https:\/\/sprintiesworldtour.com\/wp-content\/uploads\/2019\/04\/Bulli-T-2-300x193.jpg 300w, https:\/\/sprintiesworldtour.com\/wp-content\/uploads\/2019\/04\/Bulli-T-2-768x494.jpg 768w\" sizes=\"auto, (max-width: 1024px) 100vw, 1024px\" \/><figcaption class=\"blocks-gallery-item__caption\">So fing es an &#8230;<\/figcaption><\/figure><\/li><li class=\"blocks-gallery-item\"><figure><img loading=\"lazy\" decoding=\"async\" width=\"1024\" height=\"741\" src=\"\/wp-content\/uploads\/2019\/04\/Joker1-1024x741.jpg\" alt=\"\" data-id=\"111\" data-link=\"https:\/\/sprintiesworldtour.com\/ueber-uns\/joker1\/\" class=\"wp-image-111\" srcset=\"https:\/\/sprintiesworldtour.com\/wp-content\/uploads\/2019\/04\/Joker1-1024x741.jpg 1024w, https:\/\/sprintiesworldtour.com\/wp-content\/uploads\/2019\/04\/Joker1-300x217.jpg 300w, https:\/\/sprintiesworldtour.com\/wp-content\/uploads\/2019\/04\/Joker1-768x556.jpg 768w\" sizes=\"auto, (max-width: 1024px) 100vw, 1024px\" \/><figcaption class=\"blocks-gallery-item__caption\">Westfalia Joker 1<\/figcaption><\/figure><\/li><li class=\"blocks-gallery-item\"><figure><img loading=\"lazy\" decoding=\"async\" width=\"1024\" height=\"662\" src=\"\/wp-content\/uploads\/2019\/04\/Joker3-1024x662.jpg\" alt=\"\" data-id=\"112\" data-link=\"https:\/\/sprintiesworldtour.com\/ueber-uns\/joker3\/\" class=\"wp-image-112\" srcset=\"https:\/\/sprintiesworldtour.com\/wp-content\/uploads\/2019\/04\/Joker3-1024x662.jpg 1024w, https:\/\/sprintiesworldtour.com\/wp-content\/uploads\/2019\/04\/Joker3-300x194.jpg 300w, https:\/\/sprintiesworldtour.com\/wp-content\/uploads\/2019\/04\/Joker3-768x496.jpg 768w\" sizes=\"auto, (max-width: 1024px) 100vw, 1024px\" \/><figcaption class=\"blocks-gallery-item__caption\">Westfalia Joker 3<\/figcaption><\/figure><\/li><li class=\"blocks-gallery-item\"><figure><img loading=\"lazy\" decoding=\"async\" width=\"1024\" height=\"918\" src=\"\/wp-content\/uploads\/2019\/04\/Joker4-2-1024x918.jpg\" alt=\"\" data-id=\"113\" data-link=\"https:\/\/sprintiesworldtour.com\/ueber-uns\/joker4-2\/\" class=\"wp-image-113\" srcset=\"https:\/\/sprintiesworldtour.com\/wp-content\/uploads\/2019\/04\/Joker4-2-1024x918.jpg 1024w, https:\/\/sprintiesworldtour.com\/wp-content\/uploads\/2019\/04\/Joker4-2-300x269.jpg 300w, https:\/\/sprintiesworldtour.com\/wp-content\/uploads\/2019\/04\/Joker4-2-768x689.jpg 768w, https:\/\/sprintiesworldtour.com\/wp-content\/uploads\/2019\/04\/Joker4-2.jpg 2006w\" sizes=\"auto, (max-width: 1024px) 100vw, 1024px\" \/><figcaption class=\"blocks-gallery-item__caption\">Westfalia Club Joker<\/figcaption><\/figure><\/li><li class=\"blocks-gallery-item\"><figure><img loading=\"lazy\" decoding=\"async\" width=\"646\" height=\"1024\" src=\"\/wp-content\/uploads\/2019\/04\/Hymercamp57-646x1024.jpg\" alt=\"\" data-id=\"114\" data-link=\"https:\/\/sprintiesworldtour.com\/ueber-uns\/hymercamp57\/\" class=\"wp-image-114\" srcset=\"https:\/\/sprintiesworldtour.com\/wp-content\/uploads\/2019\/04\/Hymercamp57-646x1024.jpg 646w, https:\/\/sprintiesworldtour.com\/wp-content\/uploads\/2019\/04\/Hymercamp57-189x300.jpg 189w, https:\/\/sprintiesworldtour.com\/wp-content\/uploads\/2019\/04\/Hymercamp57-768x1217.jpg 768w\" sizes=\"auto, (max-width: 646px) 100vw, 646px\" \/><figcaption class=\"blocks-gallery-item__caption\">Hymercamp 57<\/figcaption><\/figure><\/li><li class=\"blocks-gallery-item\"><figure><img loading=\"lazy\" decoding=\"async\" width=\"1024\" height=\"681\" src=\"\/wp-content\/uploads\/2019\/04\/Hymer655-1-1024x681.jpg\" alt=\"\" data-id=\"117\" data-link=\"https:\/\/sprintiesworldtour.com\/ueber-uns\/hymer655-2\/\" class=\"wp-image-117\" srcset=\"https:\/\/sprintiesworldtour.com\/wp-content\/uploads\/2019\/04\/Hymer655-1-1024x681.jpg 1024w, https:\/\/sprintiesworldtour.com\/wp-content\/uploads\/2019\/04\/Hymer655-1-300x199.jpg 300w, https:\/\/sprintiesworldtour.com\/wp-content\/uploads\/2019\/04\/Hymer655-1-768x511.jpg 768w\" sizes=\"auto, (max-width: 1024px) 100vw, 1024px\" \/><figcaption class=\"blocks-gallery-item__caption\">Hymermobil 655<\/figcaption><\/figure><\/li><li class=\"blocks-gallery-item\"><figure><img loading=\"lazy\" decoding=\"async\" width=\"1024\" height=\"768\" src=\"\/wp-content\/uploads\/2019\/04\/Hymer-ML-T-560-2-1-1024x768.jpg\" alt=\"\" data-id=\"118\" data-link=\"https:\/\/sprintiesworldtour.com\/ueber-uns\/hymer-ml-t-560-2-2\/\" class=\"wp-image-118\" srcset=\"https:\/\/sprintiesworldtour.com\/wp-content\/uploads\/2019\/04\/Hymer-ML-T-560-2-1-1024x768.jpg 1024w, https:\/\/sprintiesworldtour.com\/wp-content\/uploads\/2019\/04\/Hymer-ML-T-560-2-1-300x225.jpg 300w, https:\/\/sprintiesworldtour.com\/wp-content\/uploads\/2019\/04\/Hymer-ML-T-560-2-1-768x576.jpg 768w, https:\/\/sprintiesworldtour.com\/wp-content\/uploads\/2019\/04\/Hymer-ML-T-560-2-1-120x90.jpg 120w, https:\/\/sprintiesworldtour.com\/wp-content\/uploads\/2019\/04\/Hymer-ML-T-560-2-1.jpg 1600w\" sizes=\"auto, (max-width: 1024px) 100vw, 1024px\" \/><figcaption class=\"blocks-gallery-item__caption\">Akuteller Camper Hymer ML-T 560<\/figcaption><\/figure><\/li><\/ul><\/figure>\n\n\n\n<p class=\"has-vivid-red-color has-text-color has-huge-font-size\"><strong>Und wie geht&#8217;s jetzt weiter?<\/strong><\/p>\n\n\n\n<p class=\"has-medium-font-size\">Aus pers\u00f6nlichen Gr\u00fcnden k\u00f6nnen wir derzeit keine Langzeitreisen durchf\u00fchren.<\/p>\n\n\n\n<p><strong>Plan\u00e4nderung:<\/strong> Die urspr\u00fcnglich geplante Tour zum Nordkap und bis rauf nach Kirkenes an der russischen Grenze wird zun\u00e4chst verschoben. Sobald sich etwas anderes ergibt, wird dieser Blog weitergef\u00fchrt. Es gibt dann auch wieder w\u00f6chentliche Videos von uns.<\/p>\n","protected":false},"excerpt":{"rendered":"<p>Wir sind Barbara und Bernd, zwei Reisemobilbegeisterte, die seit Jahren mit eigenen Campern Europa von Kreta bis zum Nordkap und von Usedom bis zur Il de Re abgegrast haben. Mit Miet-Motorhomes haben wir au\u00dferdem mehrfach den Westen der USA von Kalifornien bis Texas erkundet. Unser treuer Begleiter auf allen Touren war viele Jahre lang Cody,&hellip;<\/p>\n","protected":false},"author":1,"featured_media":0,"parent":0,"menu_order":0,"comment_status":"closed","ping_status":"closed","template":"","meta":{"footnotes":""},"class_list":["post-44","page","type-page","status-publish","hentry"],"yoast_head":"<!-- This site is optimized with the Yoast SEO plugin v26.6 - https:\/\/yoast.com\/wordpress\/plugins\/seo\/ -->\n<title>\u00dcber Uns - Sprinties World Tour<\/title>\n<meta name=\"robots\" content=\"index, follow, max-snippet:-1, max-image-preview:large, max-video-preview:-1\" \/>\n<link rel=\"canonical\" href=\"https:\/\/sprintiesworldtour.com\/index.php\/ueber-uns\/\" \/>\n<meta property=\"og:locale\" content=\"de_DE\" \/>\n<meta property=\"og:type\" content=\"article\" \/>\n<meta property=\"og:title\" content=\"\u00dcber Uns - Sprinties World Tour\" \/>\n<meta property=\"og:description\" content=\"Wir sind Barbara und Bernd, zwei Reisemobilbegeisterte, die seit Jahren mit eigenen Campern Europa von Kreta bis zum Nordkap und von Usedom bis zur Il de Re abgegrast haben. Mit Miet-Motorhomes haben wir au\u00dferdem mehrfach den Westen der USA von Kalifornien bis Texas erkundet. Unser treuer Begleiter auf allen Touren war viele Jahre lang Cody,&hellip;\" \/>\n<meta property=\"og:url\" content=\"https:\/\/sprintiesworldtour.com\/index.php\/ueber-uns\/\" \/>\n<meta property=\"og:site_name\" content=\"Sprinties World Tour\" \/>\n<meta property=\"article:modified_time\" content=\"2022-09-19T15:32:13+00:00\" \/>\n<meta name=\"twitter:card\" content=\"summary_large_image\" \/>\n<meta name=\"twitter:label1\" content=\"Gesch\u00e4tzte Lesezeit\" \/>\n\t<meta name=\"twitter:data1\" content=\"3\u00a0Minuten\" \/>\n<script type=\"application\/ld+json\" class=\"yoast-schema-graph\">{\"@context\":\"https:\/\/schema.org\",\"@graph\":[{\"@type\":\"WebPage\",\"@id\":\"https:\/\/sprintiesworldtour.com\/index.php\/ueber-uns\/\",\"url\":\"https:\/\/sprintiesworldtour.com\/index.php\/ueber-uns\/\",\"name\":\"\u00dcber Uns - Sprinties World Tour\",\"isPartOf\":{\"@id\":\"https:\/\/sprintiesworldtour.com\/#website\"},\"datePublished\":\"2019-04-19T14:32:45+00:00\",\"dateModified\":\"2022-09-19T15:32:13+00:00\",\"breadcrumb\":{\"@id\":\"https:\/\/sprintiesworldtour.com\/index.php\/ueber-uns\/#breadcrumb\"},\"inLanguage\":\"de\",\"potentialAction\":[{\"@type\":\"ReadAction\",\"target\":[\"https:\/\/sprintiesworldtour.com\/index.php\/ueber-uns\/\"]}]},{\"@type\":\"BreadcrumbList\",\"@id\":\"https:\/\/sprintiesworldtour.com\/index.php\/ueber-uns\/#breadcrumb\",\"itemListElement\":[{\"@type\":\"ListItem\",\"position\":1,\"name\":\"Startseite\",\"item\":\"https:\/\/sprintiesworldtour.com\/\"},{\"@type\":\"ListItem\",\"position\":2,\"name\":\"\u00dcber Uns\"}]},{\"@type\":\"WebSite\",\"@id\":\"https:\/\/sprintiesworldtour.com\/#website\",\"url\":\"https:\/\/sprintiesworldtour.com\/\",\"name\":\"Sprinties World Tour\",\"description\":\"&quot;Now or Never&quot;\",\"potentialAction\":[{\"@type\":\"SearchAction\",\"target\":{\"@type\":\"EntryPoint\",\"urlTemplate\":\"https:\/\/sprintiesworldtour.com\/?s={search_term_string}\"},\"query-input\":{\"@type\":\"PropertyValueSpecification\",\"valueRequired\":true,\"valueName\":\"search_term_string\"}}],\"inLanguage\":\"de\"}]}<\/script>\n<!-- \/ Yoast SEO plugin. -->","yoast_head_json":{"title":"\u00dcber Uns - Sprinties World Tour","robots":{"index":"index","follow":"follow","max-snippet":"max-snippet:-1","max-image-preview":"max-image-preview:large","max-video-preview":"max-video-preview:-1"},"canonical":"https:\/\/sprintiesworldtour.com\/index.php\/ueber-uns\/","og_locale":"de_DE","og_type":"article","og_title":"\u00dcber Uns - Sprinties World Tour","og_description":"Wir sind Barbara und Bernd, zwei Reisemobilbegeisterte, die seit Jahren mit eigenen Campern Europa von Kreta bis zum Nordkap und von Usedom bis zur Il de Re abgegrast haben. Mit Miet-Motorhomes haben wir au\u00dferdem mehrfach den Westen der USA von Kalifornien bis Texas erkundet. Unser treuer Begleiter auf allen Touren war viele Jahre lang Cody,&hellip;","og_url":"https:\/\/sprintiesworldtour.com\/index.php\/ueber-uns\/","og_site_name":"Sprinties World Tour","article_modified_time":"2022-09-19T15:32:13+00:00","twitter_card":"summary_large_image","twitter_misc":{"Gesch\u00e4tzte Lesezeit":"3\u00a0Minuten"},"schema":{"@context":"https:\/\/schema.org","@graph":[{"@type":"WebPage","@id":"https:\/\/sprintiesworldtour.com\/index.php\/ueber-uns\/","url":"https:\/\/sprintiesworldtour.com\/index.php\/ueber-uns\/","name":"\u00dcber Uns - Sprinties World Tour","isPartOf":{"@id":"https:\/\/sprintiesworldtour.com\/#website"},"datePublished":"2019-04-19T14:32:45+00:00","dateModified":"2022-09-19T15:32:13+00:00","breadcrumb":{"@id":"https:\/\/sprintiesworldtour.com\/index.php\/ueber-uns\/#breadcrumb"},"inLanguage":"de","potentialAction":[{"@type":"ReadAction","target":["https:\/\/sprintiesworldtour.com\/index.php\/ueber-uns\/"]}]},{"@type":"BreadcrumbList","@id":"https:\/\/sprintiesworldtour.com\/index.php\/ueber-uns\/#breadcrumb","itemListElement":[{"@type":"ListItem","position":1,"name":"Startseite","item":"https:\/\/sprintiesworldtour.com\/"},{"@type":"ListItem","position":2,"name":"\u00dcber Uns"}]},{"@type":"WebSite","@id":"https:\/\/sprintiesworldtour.com\/#website","url":"https:\/\/sprintiesworldtour.com\/","name":"Sprinties World Tour","description":"&quot;Now or Never&quot;","potentialAction":[{"@type":"SearchAction","target":{"@type":"EntryPoint","urlTemplate":"https:\/\/sprintiesworldtour.com\/?s={search_term_string}"},"query-input":{"@type":"PropertyValueSpecification","valueRequired":true,"valueName":"search_term_string"}}],"inLanguage":"de"}]}},"_links":{"self":[{"href":"https:\/\/sprintiesworldtour.com\/index.php\/wp-json\/wp\/v2\/pages\/44","targetHints":{"allow":["GET"]}}],"collection":[{"href":"https:\/\/sprintiesworldtour.com\/index.php\/wp-json\/wp\/v2\/pages"}],"about":[{"href":"https:\/\/sprintiesworldtour.com\/index.php\/wp-json\/wp\/v2\/types\/page"}],"author":[{"embeddable":true,"href":"https:\/\/sprintiesworldtour.com\/index.php\/wp-json\/wp\/v2\/users\/1"}],"replies":[{"embeddable":true,"href":"https:\/\/sprintiesworldtour.com\/index.php\/wp-json\/wp\/v2\/comments?post=44"}],"version-history":[{"count":9,"href":"https:\/\/sprintiesworldtour.com\/index.php\/wp-json\/wp\/v2\/pages\/44\/revisions"}],"predecessor-version":[{"id":1050,"href":"https:\/\/sprintiesworldtour.com\/index.php\/wp-json\/wp\/v2\/pages\/44\/revisions\/1050"}],"wp:attachment":[{"href":"https:\/\/sprintiesworldtour.com\/index.php\/wp-json\/wp\/v2\/media?parent=44"}],"curies":[{"name":"wp","href":"https:\/\/api.w.org\/{rel}","templated":true}]}}